{"id":62,"date":"2018-02-25T10:51:18","date_gmt":"2018-02-25T10:51:18","guid":{"rendered":"http:\/\/ostseedorf-schlichow.de\/?page_id=62"},"modified":"2019-01-05T18:31:51","modified_gmt":"2019-01-05T18:31:51","slug":"freiwillige-feuerwehr-schlichow","status":"publish","type":"page","link":"https:\/\/ostseedorf-schlichow.de\/?page_id=62","title":{"rendered":"Freiwillige Feuerwehr Schlichow"},"content":{"rendered":"<p>Die Freiwillige Feuerwehr Schlichow wurde 1935 gegr\u00fcndet. 24 Kameraden geh\u00f6rten damals der FF an.<\/p>\n<p style=\"text-align: left;\">Ende der 50 iger Jahre bis Anfang 1970 \u00fcbernahm Fritz Gr\u00f6schke die Leitung der FF Schlichow und es konnten verschiedene Aktivit\u00e4ten verzeichnet werden. In den folgenden Jahren kam das Feuerleben in Schlichow zum Erliegen, da der Ort der Braunkohle weichen sollte. 1980 \u00fcbernahm der Kanerad Wilfried Kneschk in Dissenchen die Wehrleitung. In diesem Zuge wurden auch 6 Kameraden aus Schlichow aktiviert und das Feuerwehrleben bl\u00fchte wieder auf. Es wurde wieder an \u00dcbungen, Wettk\u00e4mpfen und bei L\u00f6scheins\u00e4tzen teilgenommen. Verschiedene Verantwortlichen \u00fcbernahmen die Organisation der FF Schlichow. Im Jahr 1998 \u00fcbernahm Ronny Schneider die Leitung der Feuerwehr in Schlichow und hat sie bis heute inne. Ein H\u00f6hepunkt in der Geschichte der FF war das Jahr 1999. So wurde in diesem Jahr die Genehmigung f\u00fcr den Bau eines Ger\u00e4tehauses erteilt. Durch die flei\u00dfige Mithilfe der Kameraden konnte das neue Ger\u00e4tehaus am 19.05.2001 eingeweiht werden. (Eigenleistung 23.000 DM)<\/p>\n<p>Am 23.07.2008 erhielt die FF Schlichow ein L\u00f6schgruppenfahrzeug LF 8\/6 IVECO. Mit der neuen Technik, wurde die Begeisterung f\u00fcr die FF weiter verst\u00e4rkt und es wurden eine Reihe von verschiedenen Ausbildungen f\u00fcr die Kameraden durchgef\u00fchrt. In den letzten Jahren wurde verst\u00e4rkt zu Brand -,Hilfeleistungs &#8211; und Hochwassereins\u00e4tzen im Stadtgebiet ausger\u00fcckt.<\/p>\n<p>Die Freiwillge Feuerwehr Schlichow \u00fcbernimmt schon seit vielen Jaheren die Organisation des Osterfeuers und das Aufstellen des Maibaumes. An vielen Veranstaltungen im Dorf nehmen die Kameraden aktiv teil.<\/p>\n<p>2018 hatte die Freiwillige Feuerwehr Schlichow 32 Mitglieder, davon 2 Frauen.<\/p>\n<p class=\"hide-if-no-js\">\n","protected":false},"excerpt":{"rendered":"<p>Die Freiwillige Feuerwehr Schlichow wurde 1935 gegr\u00fcndet. 24 Kameraden geh\u00f6rten damals der FF an. Ende der 50 iger Jahre bis <a class=\"more-link\" href=\"https:\/\/ostseedorf-schlichow.de\/?page_id=62\">Weiterlesen\u00a0\u2026<\/a><\/p>\n","protected":false},"author":1,"featured_media":322,"parent":34,"menu_order":1,"comment_status":"closed","ping_status":"closed","template":"","meta":{"footnotes":""},"class_list":["post-62","page","type-page","status-publish","has-post-thumbnail","hentry"],"_links":{"self":[{"href":"https:\/\/ostseedorf-schlichow.de\/index.php?rest_route=\/wp\/v2\/pages\/62","targetHints":{"allow":["GET"]}}],"collection":[{"href":"https:\/\/ostseedorf-schlichow.de\/index.php?rest_route=\/wp\/v2\/pages"}],"about":[{"href":"https:\/\/ostseedorf-schlichow.de\/index.php?rest_route=\/wp\/v2\/types\/page"}],"author":[{"embeddable":true,"href":"https:\/\/ostseedorf-schlichow.de\/index.php?rest_route=\/wp\/v2\/users\/1"}],"replies":[{"embeddable":true,"href":"https:\/\/ostseedorf-schlichow.de\/index.php?rest_route=%2Fwp%2Fv2%2Fcomments&post=62"}],"version-history":[{"count":7,"href":"https:\/\/ostseedorf-schlichow.de\/index.php?rest_route=\/wp\/v2\/pages\/62\/revisions"}],"predecessor-version":[{"id":569,"href":"https:\/\/ostseedorf-schlichow.de\/index.php?rest_route=\/wp\/v2\/pages\/62\/revisions\/569"}],"up":[{"embeddable":true,"href":"https:\/\/ostseedorf-schlichow.de\/index.php?rest_route=\/wp\/v2\/pages\/34"}],"wp:featuredmedia":[{"embeddable":true,"href":"https:\/\/ostseedorf-schlichow.de\/index.php?rest_route=\/wp\/v2\/media\/322"}],"wp:attachment":[{"href":"https:\/\/ostseedorf-schlichow.de\/index.php?rest_route=%2Fwp%2Fv2%2Fmedia&parent=62"}],"curies":[{"name":"wp","href":"https:\/\/api.w.org\/{rel}","templated":true}]}}

<p>Die Freiwillige Feuerwehr Schlichow wurde 1935 gegründet. 24 Kameraden gehörten damals der FF an.</p>
<p style="text-align: left;">Ende der 50 iger Jahre bis Anfang 1970 übernahm Fritz Gröschke die Leitung der FF Schlichow und es konnten verschiedene Aktivitäten verzeichnet werden. In den folgenden Jahren kam das Feuerleben in Schlichow zum Erliegen, da der Ort der Braunkohle weichen sollte. 1980 übernahm der Kanerad Wilfried Kneschk in Dissenchen die Wehrleitung. In diesem Zuge wurden auch 6 Kameraden aus Schlichow aktiviert und das Feuerwehrleben blühte wieder auf. Es wurde wieder an Übungen, Wettkämpfen und bei Löscheinsätzen teilgenommen. Verschiedene Verantwortlichen übernahmen die Organisation der FF Schlichow. Im Jahr 1998 übernahm Ronny Schneider die Leitung der Feuerwehr in Schlichow und hat sie bis heute inne. Ein Höhepunkt in der Geschichte der FF war das Jahr 1999. So wurde in diesem Jahr die Genehmigung für den Bau eines Gerätehauses erteilt. Durch die fleißige Mithilfe der Kameraden konnte das neue Gerätehaus am 19.05.2001 eingeweiht werden. (Eigenleistung 23.000 DM)</p>
<p>Am 23.07.2008 erhielt die FF Schlichow ein Löschgruppenfahrzeug LF 8/6 IVECO. Mit der neuen Technik, wurde die Begeisterung für die FF weiter verstärkt und es wurden eine Reihe von verschiedenen Ausbildungen für die Kameraden durchgeführt. In den letzten Jahren wurde verstärkt zu Brand -,Hilfeleistungs &#8211; und Hochwassereinsätzen im Stadtgebiet ausgerückt.</p>
<p>Die Freiwillge Feuerwehr Schlichow übernimmt schon seit vielen Jaheren die Organisation des Osterfeuers und das Aufstellen des Maibaumes. An vielen Veranstaltungen im Dorf nehmen die Kameraden aktiv teil.</p>
<p>2018 hatte die Freiwillige Feuerwehr Schlichow 32 Mitglieder, davon 2 Frauen.</p>
<p class="hide-if-no-js">

<p>Die Freiwillige Feuerwehr Schlichow wurde 1935 gegründet. 24 Kameraden gehörten damals der FF an. Ende der 50 iger Jahre bis <a class="more-link" href="https://ostseedorf-schlichow.de/?page_id=62">Weiterlesen …</a></p>
