{"id":35,"date":"2019-01-08T10:26:09","date_gmt":"2019-01-08T10:26:09","guid":{"rendered":"http:\/\/ostseedorf-schlichow.de\/?page_id=35"},"modified":"2026-03-20T12:46:10","modified_gmt":"2026-03-20T12:46:10","slug":"aktuelles","status":"publish","type":"page","link":"https:\/\/ostseedorf-schlichow.de\/?page_id=35","title":{"rendered":"Aktuelles"},"content":{"rendered":"\n<p><\/p>\n\n\n\n<figure class=\"wp-block-table is-style-stripes\"><table><thead><tr><th class=\"has-text-align-left\" data-align=\"left\">Wann<\/th><th class=\"has-text-align-left\" data-align=\"left\">Was<\/th><th class=\"has-text-align-left\" data-align=\"left\">Infos<\/th><\/tr><\/thead><tbody><tr><td class=\"has-text-align-left\" data-align=\"left\"><br>ab 07.01.2026<\/td><td class=\"has-text-align-left\" data-align=\"left\"><br>R\u00fcckenschule  (2 Durchg\u00e4nge)<\/td><td class=\"has-text-align-left\" data-align=\"left\"><br>ab 17:45<\/td><\/tr><tr><td class=\"has-text-align-left\" data-align=\"left\"><br>28.03.2026<\/td><td class=\"has-text-align-left\" data-align=\"left\"><br>Friedhofspflege<\/td><td class=\"has-text-align-left\" data-align=\"left\"><\/td><\/tr><tr><td class=\"has-text-align-left\" data-align=\"left\"><br>04.04.2026<\/td><td class=\"has-text-align-left\" data-align=\"left\"><br>Osterfeuer<\/td><td class=\"has-text-align-left\" data-align=\"left\"><br>15:30<\/td><\/tr><tr><td class=\"has-text-align-left\" data-align=\"left\"><br>06.04.2026<\/td><td class=\"has-text-align-left\" data-align=\"left\"><br>Osterspaziergang f\u00fcr GROSS und klein<\/td><td class=\"has-text-align-left\" data-align=\"left\"><br>10:00<\/td><\/tr><tr><td class=\"has-text-align-left\" data-align=\"left\"><br>15.04.2026<\/td><td class=\"has-text-align-left\" data-align=\"left\"><br>Jahreshauptversammlung des B\u00fcrgervereins<\/td><td class=\"has-text-align-left\" data-align=\"left\"><br>19:00<\/td><\/tr><tr><td class=\"has-text-align-left\" data-align=\"left\"><br>01.05.2026<\/td><td class=\"has-text-align-left\" data-align=\"left\"><br>Maibaumaufstellung<\/td><td class=\"has-text-align-left\" data-align=\"left\"><\/td><\/tr><tr><td class=\"has-text-align-left\" data-align=\"left\"><br>20.06.2026<\/td><td class=\"has-text-align-left\" data-align=\"left\"><br>Sommerfest in Schlichow<\/td><td class=\"has-text-align-left\" data-align=\"left\"><\/td><\/tr><tr><td class=\"has-text-align-left\" data-align=\"left\"><br>21.06.2026<\/td><td class=\"has-text-align-left\" data-align=\"left\"><br>Busausflug nach Berlin in die &#8222;G\u00e4rten der Welt&#8220;<\/td><td class=\"has-text-align-left\" data-align=\"left\"><\/td><\/tr><tr><td class=\"has-text-align-left\" data-align=\"left\"><\/td><td class=\"has-text-align-left\" data-align=\"left\"><\/td><td class=\"has-text-align-left\" data-align=\"left\"><\/td><\/tr><tr><td class=\"has-text-align-left\" data-align=\"left\"><\/td><td class=\"has-text-align-left\" data-align=\"left\"><\/td><td class=\"has-text-align-left\" data-align=\"left\"><\/td><\/tr><\/tbody><\/table><figcaption class=\"wp-element-caption\"><br>Erg\u00e4nzungen und kurzfristige \u00c4nderungen sind m\u00f6glich. Bitte Aush\u00e4nge beachten.<br><sub>aktualisiert: 27.01.2026<\/sub><\/figcaption><\/figure>\n\n\n\n<p><\/p>\n","protected":false},"excerpt":{"rendered":"<p>Wann Was Infos ab 07.01.2026 R\u00fcckenschule (2 Durchg\u00e4nge) ab 17:45 28.03.2026 Friedhofspflege 04.04.2026 Osterfeuer 15:30 06.04.2026 Osterspaziergang f\u00fcr GROSS und <a class=\"more-link\" href=\"https:\/\/ostseedorf-schlichow.de\/?page_id=35\">Weiterlesen\u00a0\u2026<\/a><\/p>\n","protected":false},"author":1,"featured_media":0,"parent":0,"menu_order":0,"comment_status":"closed","ping_status":"closed","template":"","meta":{"footnotes":""},"class_list":["post-35","page","type-page","status-publish","hentry"],"_links":{"self":[{"href":"https:\/\/ostseedorf-schlichow.de\/index.php?rest_route=\/wp\/v2\/pages\/35","targetHints":{"allow":["GET"]}}],"collection":[{"href":"https:\/\/ostseedorf-schlichow.de\/index.php?rest_route=\/wp\/v2\/pages"}],"about":[{"href":"https:\/\/ostseedorf-schlichow.de\/index.php?rest_route=\/wp\/v2\/types\/page"}],"author":[{"embeddable":true,"href":"https:\/\/ostseedorf-schlichow.de\/index.php?rest_route=\/wp\/v2\/users\/1"}],"replies":[{"embeddable":true,"href":"https:\/\/ostseedorf-schlichow.de\/index.php?rest_route=%2Fwp%2Fv2%2Fcomments&post=35"}],"version-history":[{"count":107,"href":"https:\/\/ostseedorf-schlichow.de\/index.php?rest_route=\/wp\/v2\/pages\/35\/revisions"}],"predecessor-version":[{"id":1213,"href":"https:\/\/ostseedorf-schlichow.de\/index.php?rest_route=\/wp\/v2\/pages\/35\/revisions\/1213"}],"wp:attachment":[{"href":"https:\/\/ostseedorf-schlichow.de\/index.php?rest_route=%2Fwp%2Fv2%2Fmedia&parent=35"}],"curies":[{"name":"wp","href":"https:\/\/api.w.org\/{rel}","templated":true}]}}